e
Is 103412355047 composite?
True
Is 1061841997 prime?
True
Is 2744870351 composite?
True
Is 8553315637 composite?
False
Is 23316315423 a prime number?
False
Is 5896623539 composite?
True
Is 3885647966 prime?
False
Is 13310357093 prime?
False
Is 3188878807 a composite number?
True
Is 10752266621 prime?
True
Is 18076300049 prime?
False
Is 4982891821 prime?
False
Is 243085147 a prime number?
False
Is 9854889779 a composite number?
True
Is 16004376653 a composite number?
True
Is 1700321477 composite?
False
Is 57476820961 prime?
False
Is 13808089927 a composite number?
False
Is 2968909571 a composite number?
True
Is 151045151 a composite number?
False
Is 414433609 a prime number?
True
Is 55753380877 prime?
True
Is 82187739365 prime?
False
Is 7749312661 composite?
True
Is 113563267 composite?
True
Is 120203239931 a composite number?
True
Is 3077284789 a composite number?
False
Is 417131621 prime?
False
Is 5940440381 a prime number?
True
Is 68493465113 a prime number?
False
Is 277510867 prime?
True
Is 131033925331 prime?
True
Is 90382917149 a prime number?
False
Is 1730420929 composite?
False
Is 4409637107 a prime number?
False
Is 1274015647 a prime number?
True
Is 169708883 composite?
True
Is 7115849329 prime?
False
Is 7892656127 composite?
True
Is 988575359 a prime number?
True
Is 428395013 a prime number?
True
Is 912005281 a prime number?
False
Is 88398282991 a composite number?
True
Is 244567013 a composite number?
True
Is 27357418787 a prime number?
True
Is 143548592006 composite?
True
Is 4582418567 prime?
True
Is 3480030949 composite?
False
Is 827867191 prime?
True
Is 45874229597 prime?
False
Is 10393229621 a prime number?
True
Is 3446249501 composite?
False
Is 16080713749 composite?
False
Is 6148981289 a prime number?
False
Is 193955248687 composite?
True
Is 2092295581 a prime number?
True
Is 375130799 prime?
True
Is 5533094059 a composite number?
True
Is 15299182799 a prime number?
False
Is 1512084605 prime?
False
Is 880176107 prime?
True
Is 513690571 composite?
False
Is 456711841 prime?
True
Is 209587981 prime?
True
Is 4978876087 prime?
True
Is 5325054089 composite?
True
Is 19391896621 a prime number?
True
Is 915841039 composite?
False
Is 205262915591 prime?
True
Is 16467637439 a composite number?
True
Is 1680443603 a prime number?
True
Is 23582617601 prime?
True
Is 102802237 composite?
False
Is 3724700627 a prime number?
True
Is 251505204823 composite?
False
Is 104639803133 composite?
True
Is 71860606369 a composite number?
False
Is 1760355563 composite?
True
Is 133436861933 a composite number?
False
Is 254983431 a composite number?
True
Is 265744957 composite?
False
Is 25260037507 composite?
True
Is 217138121 composite?
False
Is 1913917989 a prime number?
False
Is 18009839665 a prime number?
False
Is 15231808967 a composite number?
False
Is 18737021753 composite?
False
Is 81712091 a prime number?
False
Is 11854805749 a composite number?
True
Is 8532479317 prime?
False
Is 15345598739 composite?
False
Is 128194519 prime?
False
Is 2156425597 prime?
True
Is 2454009115 a composite number?
True
Is 7930360351 composite?
False
Is 18635410169 prime?
True
Is 20627684081 a composite number?
True
Is 3041006957 a prime number?
True
Is 7564855549 a prime number?
False
Is 23627105771 prime?
True
Is 63785658331 a prime number?
True
Is 26156287459 composite?
False
Is 6168816617 a composite number?
False
Is 3231249367 composite?
False
Is 3831460877 a prime number?
True
Is 655696271 prime?
True
Is 31668284503 prime?
False
Is 17277875941 a prime number?
False
Is 163723837967 a prime number?
True
Is 736340021 a composite number?
True
Is 60685256717 a composite number?
False
Is 363518486 composite?
True
Is 496809619 a composite number?
True
Is 38967913 a composite number?
True
Is 2264397887 prime?
False
Is 101517413101 composite?
True
Is 112861571 a prime number?
True
Is 3181365749 a prime number?
False
Is 164254543579 a prime number?
False
Is 328282754 a composite number?
True
Is 1185902743 composite?
False
Is 3350492429 a prime number?
True
Is 581000467 prime?
False
Is 191159009 a composite number?
False
Is 67818980419 a composite number?
True
Is 16597861145 a composite number?
True
Is 807114883 a prime number?
True
Is 3503853781 composite?
True
Is 16143528343 a prime number?
False
Is 177967599343 prime?
False
Is 38395667311 a prime number?
True
Is 321137081 a prime number?
True
Is 56375023 a composite number?
False
Is 1427471891 a prime number?
True
Is 19427714763 prime?
False
Is 4336183903 a composite number?
True
Is 15459776909 composite?
False
Is 18813920329 composite?
False
Is 43742483 a prime number?
False
Is 2454185623 composite?
False
Is 1548436033 prime?
False
Is 75001706441 a prime number?
True
Is 1180469959 composite?
False
Is 5141582911 prime?
False
Is 720653537 a composite number?
True
Is 984560737 a composite number?
False
Is 152372201 a composite number?
False
Is 287362409 prime?
True
Is 5170001411 composite?
False
Is 14763386321 a composite number?
False
Is 982815937 composite?
False
Is 9770232565 composite?
True
Is 4527996173 prime?
False
Is 57218574977 prime?
True
Is 49576532119 composite?
False
Is 5820413821 composite?
False
Is 1898601209 a composite number?
True
Is 1799307905 composite?
True
Is 3121373 prime?
False
Is 1657019615 a composite number?
True
Is 105580933411 composite?
True
Is 24322267041 a composite number?
True
Is 23513929 composite?
False
Is 4167397343 a composite number?
False
Is 104928779107 a prime number?
False
Is 2655141089 composite?
False
Is 5377174709 composite?
False
Is 99027043 a prime number?
False
Is 41392500949 a prime number?
False
Is 49287423377 prime?
False
Is 52312736153 a prime number?
True
Is 859801099 prime?
True
Is 137898559 prime?
True
Is 1634722366 a prime number?
False
Is 28751242229 a prime number?
False
Is 76242721 a composite number?
True
Is 83849326207 a prime number?
True
Is 76044201221 a prime number?
False
Is 73677780049 a prime number?
False
Is 3163508077 a composite number?
True
Is 18576692107 a composite number?
False
Is 1292088739 composite?
True
Is 741534923 composite?
False
Is 47024050345 prime?
False
Is 24764804489 prime?
True
Is 2820078023 a composite number?
True
Is 8853587861 a prime number?
True
Is 507341407 a composite number?
False
Is 170277946 composite?
True
Is 12194927 prime?
True
Is 56608413271 prime?
False
Is 117187831 a prime number?
False
Is 2066959177 composite?
True
Is 2981914517 a prime number?
True
Is 114987457 a composite number?
True
Is 40818556801 a composite number?
True
Is 188275301 a prime number?
True
Is 8527690573 prime?
False
Is 97135783 a composite number?
False
Is 25487934713 composite?
True
Is 18710510779 a composite number?
True
Is 1869200621 a composite number?
False
Is 22063210961 prime?
False
Is 1405743167 a composite number?
True
Is 2456130331 composite?
False
Is 86336210605 prime?
False
Is 38510983897 a prime number?
False
Is 90724709 a composite number?
False
Is 805077113 a prime number?
True
Is 44395699661 a composite number?
True
Is 19361418729 composite?
True
Is 7379021257 a prime number?
False
Is 705720817 a composite number?
False
Is 50026412663 a prime number?
True
Is 1056477371 a prime number?
False
Is 182471735377 a prime number?
False
Is 59824683079 a composite number?
True
Is 579553519897 a composite number?
True
Is 43714142993 prime?
True
Is 6666447797 a composite number?
False
Is 1353838483 composite?
True
Is 3467618381 composite?
False
Is 79915091 composite?
False
Is 226335929 prime?
False
Is 26434297517 composite?
False
Is 2275039211 a composite number?
False
Is 11980303 a prime number?
False
Is 421272343 a composite number?
True
Is 129296233 a composite number?
True
Is 5026248539 composite?
True
Is 165336251 composite?
True
Is 110433953239 a composite number?
False
Is 4170529087 a prime number?
False
Is 15347874329 a prime number?
False
Is 86562402991 prime?
True
Is 4498802831 composite?
False
Is 1008064339 a composite number?
False
Is 1602064561 composite?
True
Is 83866009 composite?
False
Is 1052013505 a prime number?
False
Is 16859324621 prime?
True
Is 10746237911 prime?
False
Is 54936650233 prime?
True
Is 59030420821 composite?
False
Is 37876974169 a composite number?
False
Is 415502453 prime?
False
Is 20586960811 a prime number